5 + 0. Suppose y*g = 57 - 43. What is n(g)?
2
Let q be 8/40*(5 - (2 - 2)). Let p(n) be the first derivative of 17*n**6/120 - n**4/24 - 13*n**2/2 - 8. Let t(f) be the second derivative of p(f). Give t(q).
16
Suppose -w - 340 = 5*w - 394. Let z(g) = g**2 - 4*g + 9. What is z(w)?
54
Let v = -7 - -11. Let k(n) = -n**3 - 4*n**2 - 4*n + 2. Let m(g) = -4*g**3 - 13*g**2 - 13*g + 7. Let o(h) = 7*k(h) - 2*m(h). Calculate o(v).
24
Let o(x) = x - 1. Let a(p) = 4*p - 7. Let r(z) = -a(z) + 5*o(z). Suppose -5*w + 412 = -4*q + 79, 3*q + 211 = -4*w. Let f = 81 + q. Give r(f).
6
Let l be (3/5)/(234/(-60) - -4). Suppose 2*v - l*v = -80. Let j(n) = 17*n - 2*n**2 + v*n + 6 + n**2 - 36*n. Give j(0).
6
Let s = 5778 - 5768. Let o(j) = j**3 - 11*j**2 + 9*j + 7. What is o(s)?
-3
Let b(u) = -u**3 - 13*u**2 - 10*u + 26. Let h be b(-12). Suppose h*f + 12 = 2*v, 0 = 3*v - v - f - 10. Let c(g) = -g**3 + 6*g**2 - 5*g + 1. Determine c(v).
13
Let r(h) be the third derivative of -29*h**2 + 1/60*h**5 + 0 + 5/24*h**4 + 0*h - 7/6*h**3. Suppose -4 = 2*b + 6. Give r(b).
-7
Let c(f) = 2*f**2 + f + 2. Let l = 344 + -343. Let s(j) = -5*j**3 + 4*j**2 - 3*j + 2. Let u be s(l). What is c(u)?
8
Let i(k) be the third derivative of -k**6/120 + k**5/60 - k**4/24 - 29*k**3/6 - 406*k**2. Let c = 26 - 26. Calculate i(c).
-29
Let y = -7108 + 7101. Let w(a) = -13*a. Determine w(y).
91
Let k(c) = -c**2 + 39*c - 365. Let x be k(15). Let p(m) = -16*m - 82. Give p(x).
-2
Let r(q) = -6*q - 1. Suppose 3 = -s + 2*y, -5*s + 4*y + 0*y = 21. Give r(s).
29
Let u(i) = -2*i**3 - 8*i**2 + 9*i - 4. Let g(f) = 3*f**3 + 15*f**2 - 15*f + 7. Let a(q) = 3*g(q) + 5*u(q). Let s(c) = -2*c - 10. Let t be s(-7). Calculate a(t).
17
Let g(s) = -3*s**3 + s**2 + 2*s - 4. Let v(a) = -7*a**3 + 2*a**2 + 6*a - 10. Let q(z) = 9*g(z) - 4*v(z). Give q(-5).
-66
Let l(q) = 2*q + 9. Let c = -1474 - -714. Let u = c - -752. What is l(u)?
-7
Let f = 10064 + -10066. Let g(p) = 6*p**3 + 2*p - 3. Calculate g(f).
-55
Let m(i) = i + 0*i + 2 - 13 + 9. Suppose 5*s + o = -45, -4*s = o + 52 - 16. Give m(s).
-11
Let d(a) = -a**2 - 6*a + 7. Let g(p) be the first derivative of p**4/4 - 5*p**2/2 + 5*p + 34. Let w be g(-3). What is d(w)?
0
Suppose 0 = -38*x + 37*x - 11. Suppose 186 = -0*r - 3*r - 3*m, 0 = 2*r + 4*m + 116. Let j be x/(r/(-12)) - 20/(-2). Let a(w) = w**2 - 8*w. Calculate a(j).
0
Let w(x) = -x**3 + 93*x**2 + 596*x - 209. Let y be w(99). Let m(g) = 4*g + 4. What is m(y)?
-40
Let l(v) = -v + 1. Let c = -84 - -140. Let s = 2403 - 2462. Let t = c + s. Determine l(t).
4
Suppose -29*d = 57*d - 86. Let k(h) = 14*h**2 - 2*h. Determine k(d).
12
Let y(m) be the first derivative of -m**2/2 + 9*m + 4740. Give y(15).
-6
Let g be -3*(2 + (-20)/6). Let z(n) = 9*n**3 - 54*n**2 + 7*n - 19. Let t(f) = -13*f**3 + 78*f**2 - 11*f + 28. Let o(i) = 7*t(i) + 10*z(i). Calculate o(g).
10
Let b(c) = -2*c**3 - 4*c**2 + c + 2. Let s(w) = -w**3 - 5*w**2 + w + 3. Let f(j) = -2*b(j) + 3*s(j). Let r = 3959 + -3952. Give f(r).
12
Let u(p) = -2*p**2 - 4*p - 3. Let v = 46 - 348. Let f = -304 - v. What is u(f)?
-3
Let w(b) = b**3 - 8*b**2 + 12*b + 2. Let n(y) = -y**2 + 21*y + 16. Let m(s) = -3*s**2 + 48*s + 33. Let h(r) = -2*m(r) + 5*n(r). Let d be h(-8). Calculate w(d).
2
Let n(x) = -2*x**2 - 246*x - 3616. Let c be n(-106). Let k(z) = -8*z - 99. Determine k(c).
-3
Let o(h) = -6*h + 4*h + 12*h**3 + 4 - 6*h**3 - 7*h**3. What is o(0)?
4
Let u(a) = 3*a**3 + a**2 - 5*a + 3. Let q(x) = -342*x - 2050. Let o be q(-6). Determine u(o).
21
Let v = -2 - -4. Let q(y) = 6*y + y**3 - v*y**2 - 3 - y**2 - 2*y**3. Let r be (-20 - (-2 + -17))*5. Calculate q(r).
17
Let i(k) = -10*k**3 + 13*k**2 - 3*k + 12. Let s(m) = -3*m**3 + 5*m**2 - m + 4. Suppose 6*g = 33 + 9. Let x(w) = g*s(w) - 2*i(w). Give x(9).
-5
Let n(h) = h**3 + 6*h**2 - 7*h - 2. Let w(c) = c**2 - c + 1. Let r(o) = -n(o) + 3*w(o). Let k be 2/12 - (8 + (-207)/54). Determine r(k).
5
Let l(n) = 2 - 18*n**2 - 37*n**2 - 14*n - n**3 - 16*n + 24*n**2. Give l(-30).
2
Let t = 126 - 121. Let b(j) be the third derivative of -j**4/6 + 7*j**3/6 - 170*j**2. Calculate b(t).
-13
Let z(t) = 3*t**2 + 19*t - 10. Let g(i) = 5*i**2 + 31*i - 15. Let h(m) = 5*g(m) - 8*z(m). Determine h(-8).
45
Let u(t) = -9*t - 231. Let g be u(-26). Let l(f) = f**2 - 5*f + 2. Let v(r) = -r + 1. Let w(q) = -l(q) + 3*v(q). What is w(g)?
-2
Let i(g) = -17*g + 96. Let v be (-2)/(-3)*(10 - 15 - -14). Determine i(v).
-6
Let m = -2 - -4. Let g(p) = p**m + 3*p + 3*p + 8 - 16. Suppose 26*u = 22*u - 50 + 22. What is g(u)?
-1
Suppose q = 3*w + 46, 39*q - 34*q = -w + 118. Let n(i) = -2*i + 24. Determine n(q).
-26
Let x(h) = 2 + 8*h**2 + 1 + 6 - 2*h - 7*h**2 - 7*h. Calculate x(2).
-5
Let q be (1 - -3) + (2 - 2). Let i(x) be the second derivative of 1/3*x**3 - 47*x - 1/12*x**4 + 0 + 3/2*x**2. Give i(q).
-5
Suppose 2*h = 0, 2*s + h - 4*h - 58 = 0. Let r = s + -30. Let a(t) = t**2. What is a(r)?
1
Let l = -5 + 10. Let p be (-4)/10 + 161/(-35) + 6. Let v(b) = -4 - 3 + 2 + p + b + 2. Determine v(l).
3
Let w = -4012 + 4014. Let y(k) = -16*k**2 + 4*k - 3. What is y(w)?
-59
Let t(v) = 52*v**2 - 9*v + 12. Let x be t(2). Let n be (-15)/((-675)/(-10)) - x/(-18). Let a(k) = -k**3 + 12*k**2 - 11*k + 7. What is a(n)?
7
Let n(m) = m**3 + 8*m**2 + 5*m - 2. Let r = -51 - -56. Suppose -5*v = -r*l, l + l - 3*v = -2. Suppose 10 + 4 = -l*f. What is n(f)?
12
Let n(k) = -133*k - 1325. Let z be n(-10). Let h = 4 - 2. Let j(s) = -s**2 + s + 1 + 5*s + 0*s**h. Determine j(z).
6
Let d(g) be the first derivative of -g**5/60 + 7*g**4/24 - 5*g**3/6 - 74*g**2 + 124. Let u(n) be the second derivative of d(n). What is u(8)?
-13
Let g(b) = b**2 - 8*b - 348. Suppose 44*d + 408 = 1420. Calculate g(d).
-3
Let r be (-7)/(-8) + 2/16. Let g be (8/32)/((-2)/(-8)) + r. Let k(m) = m**g + 6*m + 19 - 3 - 10. What is k(-6)?
6
Let w(k) = -197 - 201 - 2*k**2 + 206 + 184 + k. Determine w(3).
-23
Suppose 0 = 2*z - 10, c - 3*z + 1 = -6. Let s(r) = c*r + 2*r**2 - 89 + 4*r - 86 + 160. What is s(-7)?
-1
Let o(g) = -28*g**2 - 8 + 17*g**2 - 14336*g - g**3 + 13*g**2 + 14338*g. Determine o(-4).
80
Let u(q) = -12*q - 5. Let r(b) = 14*b + 1. Let d(p) = 5*r(p) + 6*u(p). Give d(-7).
-11
Let i(g) be the second derivative of -g**4/6 + 10*g**3/3 - 13*g**2/2 + 27*g + 25. Give i(9).
5
Let d(u) = -u**3 - 6*u**2 - 2*u - 3. Let c = 12544 - 12550. Calculate d(c).
9
Let o(i) = -22 - 74*i**2 - 109*i**2 + 184*i**2 + 3*i. Calculate o(-8).
18
Let y(f) = -14*f. Let m be 21/(-27) - (-15)/(540/(-8)). Calculate y(m).
14
Suppose 9*v - 8 + 26 = 0. Let w(s) = -8*s + 5. Give w(v).
21
Suppose 4*y = -3*l + 14, 13 - 40 = -5*y + l. Suppose y*m + 15 = 0, 3*f + 15 = -3*m - 0. Let g(t) = 3*t + 10. Give g(f).
4
Let z(a) = -9*a**3 + 15*a**2 - 7*a + 12. Let w be z(2). Let r(d) = -d**3 - 16*d**2 - 28*d + 5. What is r(w)?
5
Let s(t) = -2*t**2 - 7*t + 25. Let j(q) = -3*q**2 - 11*q + 38. Let m(i) = -5*j(i) + 8*s(i). Suppose -5*l = a, -5*l = -4*a - 0*l. Calculate m(a).
10
Let n(z) = 22*z + 242. Let k be n(-10). Let m(p) = -p**3 + 22*p**2 + 3. Let b be m(k). Let g(a) = 3*a - 3. Determine g(b).
6
Let v(i) = 12*i - 49. Let b = 29231 + -29224. Calculate v(b).
35
Let n(j) = -11*j - 100 + 119 + 26*j. Determine n(-3).
-26
Let j(t) = 5*t + 13. Let i(r) = -6*r + 9. Let o(a) = 6*i(a) + 9*j(a). What is o(-19)?
0
Let r(y) be the second derivative of -y**5/20 - 2*y**4/3 + 2*y**3 + 5*y**2 - 2652*y. Give r(-9).
-17
Let j(u) be the third derivative of -1/20*u**5 - 2*u**2 + 0*u + 0 - 1/8*u**4 - 1/120*u**6 - 2/3*u**3. Suppose s + 5 = x + 13, -s = 5*x + 10. Determine j(x).
5
Suppose 0 = -4*k + 5*h - 44, -3*k + 7*k = -h - 20. Let p be k*3/(-9)*1. Let s(t) = 15*t**p - 6*t**2 - 16*t**2 - 1. Give s(1).
-8
Suppose h + 3*p - 44 = 0, 16*h = 18*h - 5*p - 88. Suppose 19*s + 51 + h = 0. Let o(l) = l + 6. Give o(s).
1
Let m(l) = -l**3 - 4*l**2 - l + 1. Suppose -5*q = -5*t - 4*q - 44, -2*t - 5*q = 23. Let w be 38/t + 16/72. Calculate m(w).
5
Let z = -42 + 45. Let s(o) = o + 6. Let a be s(-5). Let j(n) = 2*n**2 + 13*n + 7. Let y(v) = -v. Let m(u) = a*j(u) + z*y(u). Calculate m(-6).
19
Let q(t) be the third derivative of t**5/20 + 13*t**4/24 - 3*t**3 - 145*t**2 - 6. Calculate q(-8).
70
Let z(i) = -7934*i**3 + 21 + 11*i**2 - 7937*i**3 + 15870*i**3 - 6*i. Calculate z(10).
61
Suppose 57 = -3*b + 3*m, 4*b + 76*m -